  {"id":2416,"date":"2025-02-21T20:13:19","date_gmt":"2025-02-21T20:13:19","guid":{"rendered":"https:\/\/www.terc.edu\/hse\/?page_id=2416"},"modified":"2026-04-02T21:13:40","modified_gmt":"2026-04-02T21:13:40","slug":"educadores","status":"publish","type":"page","link":"https:\/\/www.terc.edu\/hse\/educadores\/","title":{"rendered":"Educadores \/ Educators"},"content":{"rendered":"\n<div class=\"wp-block-columns is-layout-flex wp-container-core-columns-is-layout-9d6595d7 wp-block-columns-is-layout-flex\">\n<div class=\"wp-block-column is-layout-flow wp-block-column-is-layout-flow\" style=\"flex-basis:66.66%\"><\/div>\n\n\n\n<div class=\"wp-block-column is-layout-flow wp-block-column-is-layout-flow\" style=\"flex-basis:33.33%\">\n<div class=\"wp-block-buttons is-layout-flex wp-block-buttons-is-layout-flex\">\n<div class=\"wp-block-button\"><a class=\"wp-block-button__link wp-element-button\" href=\"https:\/\/www.terc.edu\/hse\/educator\/\">For English<\/a><\/div>\n<\/div>\n<\/div>\n<\/div>\n\n\n\n<p><strong>Como maestro, bibliotecario o trabajador social puedes integrar la ingenier\u00eda en las experiencias de aprendizaje.<\/strong> Al integrar la ingenier\u00eda apoyas el aprendizaje de los ni\u00f1os peque\u00f1os de una manera poderosa, creando conexiones a las fortalezas familiares y apoyando todos los aspectos del desarrollo de los ni\u00f1os.<\/p>\n\n\n\n<div style=\"height:49px\" aria-hidden=\"true\" class=\"wp-block-spacer\"><\/div>\n\n\n\n<h2 class=\"wp-block-heading has-text-align-center\"><strong>Descarga los recursos gratuitos<\/strong><\/h2>\n\n\n\n<div class=\"wp-block-columns is-layout-flex wp-container-core-columns-is-layout-9d6595d7 wp-block-columns-is-layout-flex\">\n<div class=\"wp-block-column is-layout-flow wp-block-column-is-layout-flow\"><div class=\"wp-block-image\">\n<figure class=\"aligncenter size-large is-resized\"><img loading=\"lazy\" decoding=\"async\" width=\"1024\" height=\"1024\" src=\"https:\/\/www.terc.edu\/hse\/wp-content\/uploads\/sites\/18\/2024\/11\/HSE_nav_icons_kits2-1024x1024.png\" alt=\"\" class=\"wp-image-2243\" style=\"width:200px\" srcset=\"https:\/\/www.terc.edu\/hse\/wp-content\/uploads\/sites\/18\/2024\/11\/HSE_nav_icons_kits2-1024x1024.png 1024w, https:\/\/www.terc.edu\/hse\/wp-content\/uploads\/sites\/18\/2024\/11\/HSE_nav_icons_kits2-300x300.png 300w, https:\/\/www.terc.edu\/hse\/wp-content\/uploads\/sites\/18\/2024\/11\/HSE_nav_icons_kits2-150x150.png 150w, https:\/\/www.terc.edu\/hse\/wp-content\/uploads\/sites\/18\/2024\/11\/HSE_nav_icons_kits2-768x768.png 768w, https:\/\/www.terc.edu\/hse\/wp-content\/uploads\/sites\/18\/2024\/11\/HSE_nav_icons_kits2.png 1500w\" sizes=\"auto, (max-width: 1024px) 100vw, 1024px\" \/><\/figure>\n<\/div>\n\n\n<p class=\"has-text-align-center\"><a href=\"https:\/\/www.terc.edu\/hse\/recursos-para-familias\/cajitas-de-actividades-para-familias\/\">Actividades de ingenier\u00eda<\/a><\/p>\n\n\n\n<p>Estas actividades dise\u00f1adas para uso en el hogar o en el sal\u00f3n de clases, usan historias imaginativas para apoyar la participaci\u00f3n de los ni\u00f1os y sus familias en el proceso de dise\u00f1o de ingenier\u00eda.<\/p>\n<\/div>\n\n\n\n<div class=\"wp-block-column is-layout-flow wp-block-column-is-layout-flow\" style=\"flex-basis:15px\"><\/div>\n\n\n\n<div class=\"wp-block-column is-layout-flow wp-block-column-is-layout-flow\"><div class=\"wp-block-image\">\n<figure class=\"aligncenter size-large is-resized\"><img loading=\"lazy\" decoding=\"async\" width=\"1024\" height=\"1024\" src=\"https:\/\/www.terc.edu\/hse\/wp-content\/uploads\/sites\/18\/2024\/11\/HSE_nav_icons_cards2-1024x1024.png\" alt=\"\" class=\"wp-image-2241\" style=\"width:200px;height:auto\" srcset=\"https:\/\/www.terc.edu\/hse\/wp-content\/uploads\/sites\/18\/2024\/11\/HSE_nav_icons_cards2-1024x1024.png 1024w, https:\/\/www.terc.edu\/hse\/wp-content\/uploads\/sites\/18\/2024\/11\/HSE_nav_icons_cards2-300x300.png 300w, https:\/\/www.terc.edu\/hse\/wp-content\/uploads\/sites\/18\/2024\/11\/HSE_nav_icons_cards2-150x150.png 150w, https:\/\/www.terc.edu\/hse\/wp-content\/uploads\/sites\/18\/2024\/11\/HSE_nav_icons_cards2-768x768.png 768w, https:\/\/www.terc.edu\/hse\/wp-content\/uploads\/sites\/18\/2024\/11\/HSE_nav_icons_cards2.png 1500w\" sizes=\"auto, (max-width: 1024px) 100vw, 1024px\" \/><\/figure>\n<\/div>\n\n\n<p class=\"has-text-align-center\"><a href=\"https:\/\/www.terc.edu\/hse\/recursos-para-familias\/actividades-de-sparks\/\">Tarjetas Spark<\/a><\/p>\n\n\n\n<p class=\"has-text-align-left\">Prueba estas ideas r\u00e1pidas para explorar el proceso de ingenier\u00eda e integrar la ingenier\u00eda a otros temas de aprendizaje dentro o fuera del sal\u00f3n de clases.<\/p>\n<\/div>\n\n\n\n<div class=\"wp-block-column is-layout-flow wp-block-column-is-layout-flow\" style=\"flex-basis:15px\"><\/div>\n\n\n\n<div class=\"wp-block-column is-layout-flow wp-block-column-is-layout-flow\"><div class=\"wp-block-image\">\n<figure class=\"aligncenter size-large is-resized\"><img loading=\"lazy\" decoding=\"async\" width=\"1024\" height=\"1024\" src=\"https:\/\/www.terc.edu\/hse\/wp-content\/uploads\/sites\/18\/2024\/11\/HSE_nav_icons_posters2-1024x1024.png\" alt=\"\" class=\"wp-image-2245\" style=\"width:200px\" srcset=\"https:\/\/www.terc.edu\/hse\/wp-content\/uploads\/sites\/18\/2024\/11\/HSE_nav_icons_posters2-1024x1024.png 1024w, https:\/\/www.terc.edu\/hse\/wp-content\/uploads\/sites\/18\/2024\/11\/HSE_nav_icons_posters2-300x300.png 300w, https:\/\/www.terc.edu\/hse\/wp-content\/uploads\/sites\/18\/2024\/11\/HSE_nav_icons_posters2-150x150.png 150w, https:\/\/www.terc.edu\/hse\/wp-content\/uploads\/sites\/18\/2024\/11\/HSE_nav_icons_posters2-768x768.png 768w, https:\/\/www.terc.edu\/hse\/wp-content\/uploads\/sites\/18\/2024\/11\/HSE_nav_icons_posters2.png 1500w\" sizes=\"auto, (max-width: 1024px) 100vw, 1024px\" \/><\/figure>\n<\/div>\n\n\n<p class=\"has-text-align-center\"><a href=\"https:\/\/www.terc.edu\/hse\/engineering-posters-spanish\/\">Carteles de ingenier\u00eda<\/a><\/p>\n\n\n\n<p>Utiliza estos carteles para hacer que la ingenier\u00eda sea m\u00e1s visible y ver c\u00f3mo se conecta a las maneras en las cuales resolvemos problemas en nuestra vida diaria.<\/p>\n<\/div>\n<\/div>\n\n\n\n<div class=\"wp-block-media-text is-stacked-on-mobile has-background\" style=\"background:linear-gradient(135deg,rgb(238,238,238) 0%,rgb(224,224,224) 100%);grid-template-columns:28% auto\"><figure class=\"wp-block-media-text__media\"><img loading=\"lazy\" decoding=\"async\" width=\"992\" height=\"1024\" src=\"https:\/\/www.terc.edu\/hse\/wp-content\/uploads\/sites\/18\/2025\/01\/Design_process_plan_sitting_white-992x1024.png\" alt=\"\" class=\"wp-image-2350 size-full\" srcset=\"https:\/\/www.terc.edu\/hse\/wp-content\/uploads\/sites\/18\/2025\/01\/Design_process_plan_sitting_white-992x1024.png 992w, https:\/\/www.terc.edu\/hse\/wp-content\/uploads\/sites\/18\/2025\/01\/Design_process_plan_sitting_white-291x300.png 291w, https:\/\/www.terc.edu\/hse\/wp-content\/uploads\/sites\/18\/2025\/01\/Design_process_plan_sitting_white-768x793.png 768w, https:\/\/www.terc.edu\/hse\/wp-content\/uploads\/sites\/18\/2025\/01\/Design_process_plan_sitting_white-1488x1536.png 1488w, https:\/\/www.terc.edu\/hse\/wp-content\/uploads\/sites\/18\/2025\/01\/Design_process_plan_sitting_white-1984x2048.png 1984w, https:\/\/www.terc.edu\/hse\/wp-content\/uploads\/sites\/18\/2025\/01\/Design_process_plan_sitting_white.png 2000w\" sizes=\"auto, (max-width: 992px) 100vw, 992px\" \/><\/figure><div class=\"wp-block-media-text__content\">\n<p><strong>Las ideas para realizar actividades de ingenier\u00eda en esta p\u00e1gina, que son gratuitas y listas para utilizar, <\/strong>fueron <a href=\"https:\/\/www.terc.edu\/hse\/publicaciones\/\">desarrolladas<\/a> en colaboraci\u00f3n con familias y educadores. Si te gustaron las actividades tambi\u00e9n puedes explorar otras ideas de c\u00f3mo integrar la ingenier\u00eda de manera m\u00e1s profunda en tus programas.<\/p>\n<\/div><\/div>\n\n\n\n<div style=\"height:50px\" aria-hidden=\"true\" class=\"wp-block-spacer\"><\/div>\n\n\n\n<h2 class=\"wp-block-heading has-text-align-center\"><strong>Aprende m\u00e1s y explora la ingenier\u00eda con los ni\u00f1os peque\u00f1os y sus familias<\/strong><\/h2>\n\n\n\n<div class=\"wp-block-columns is-layout-flex wp-container-core-columns-is-layout-9d6595d7 wp-block-columns-is-layout-flex\">\n<div class=\"wp-block-column is-layout-flow wp-block-column-is-layout-flow\"><\/div>\n\n\n\n<div class=\"wp-block-column is-layout-flow wp-block-column-is-layout-flow\"><\/div>\n<\/div>\n\n\n\n<div class=\"wp-block-columns is-layout-flex wp-container-core-columns-is-layout-9d6595d7 wp-block-columns-is-layout-flex\">\n<div class=\"wp-block-column is-layout-flow wp-block-column-is-layout-flow\"><div class=\"wp-block-image\">\n<figure class=\"aligncenter size-large is-resized\"><img loading=\"lazy\" decoding=\"async\" width=\"1024\" height=\"684\" src=\"https:\/\/www.terc.edu\/hse\/wp-content\/uploads\/sites\/18\/2022\/10\/HSE_HomeVisit3_20220930_0050-1024x684.jpg\" alt=\"\" class=\"wp-image-1723\" style=\"width:275px\" srcset=\"https:\/\/www.terc.edu\/hse\/wp-content\/uploads\/sites\/18\/2022\/10\/HSE_HomeVisit3_20220930_0050-1024x684.jpg 1024w, https:\/\/www.terc.edu\/hse\/wp-content\/uploads\/sites\/18\/2022\/10\/HSE_HomeVisit3_20220930_0050-300x200.jpg 300w, https:\/\/www.terc.edu\/hse\/wp-content\/uploads\/sites\/18\/2022\/10\/HSE_HomeVisit3_20220930_0050-768x513.jpg 768w, https:\/\/www.terc.edu\/hse\/wp-content\/uploads\/sites\/18\/2022\/10\/HSE_HomeVisit3_20220930_0050-1536x1025.jpg 1536w, https:\/\/www.terc.edu\/hse\/wp-content\/uploads\/sites\/18\/2022\/10\/HSE_HomeVisit3_20220930_0050-2048x1367.jpg 2048w\" sizes=\"auto, (max-width: 1024px) 100vw, 1024px\" \/><\/figure>\n<\/div>\n\n\n<div style=\"height:19px\" aria-hidden=\"true\" class=\"wp-block-spacer\"><\/div>\n\n\n\n<h3 class=\"wp-block-heading has-text-align-center is-style-highlight-purple\" style=\"font-size:24px\">Conecta la ingenier\u00eda a las maneras en las que resolvemos problemas en nuestra vida diaria<\/h3>\n\n\n\n<p>Una forma poderosa de presentar y hablar sobre la ingenier\u00eda con los ni\u00f1os peque\u00f1os y sus familias es estableciendo conexiones entre la ingenier\u00eda y las maneras en las que resolvemos problemas en nuestra vida diaria. Aprende m\u00e1s sobre estas conexiones y ve algunos <a href=\"https:\/\/www.terc.edu\/hse\/ingenieria-diaria\/\">ejemplos de ingenier\u00eda diaria<\/a>.<\/p>\n<\/div>\n\n\n\n<div class=\"wp-block-column is-layout-flow wp-block-column-is-layout-flow\" style=\"flex-basis:25px\"><\/div>\n\n\n\n<div class=\"wp-block-column padding: 20px; is-layout-flow wp-block-column-is-layout-flow\"><div class=\"wp-block-image\">\n<figure class=\"aligncenter size-large is-resized\"><img loading=\"lazy\" decoding=\"async\" width=\"1024\" height=\"684\" src=\"https:\/\/www.terc.edu\/hse\/wp-content\/uploads\/sites\/18\/2022\/10\/HSE_HomeVisit2_20220919_0311-1024x684.jpg\" alt=\"\" class=\"wp-image-1707\" style=\"width:275px;height:auto\" srcset=\"https:\/\/www.terc.edu\/hse\/wp-content\/uploads\/sites\/18\/2022\/10\/HSE_HomeVisit2_20220919_0311-1024x684.jpg 1024w, https:\/\/www.terc.edu\/hse\/wp-content\/uploads\/sites\/18\/2022\/10\/HSE_HomeVisit2_20220919_0311-300x200.jpg 300w, https:\/\/www.terc.edu\/hse\/wp-content\/uploads\/sites\/18\/2022\/10\/HSE_HomeVisit2_20220919_0311-768x513.jpg 768w\" sizes=\"auto, (max-width: 1024px) 100vw, 1024px\" \/><\/figure>\n<\/div>\n\n\n<div style=\"height:20px\" aria-hidden=\"true\" class=\"wp-block-spacer\"><\/div>\n\n\n\n<h3 class=\"wp-block-heading has-text-align-center is-style-highlight-purple\" style=\"font-size:24px\">A\u00f1ade la ingenier\u00eda a las actividades que ya haces con los ni\u00f1os y sus familias<\/h3>\n\n\n\n<p>La ingenier\u00eda complementa y enriquece los aspectos imaginativos de las actividades basadas en juego que ya has dise\u00f1ado para los ni\u00f1os peque\u00f1os y sus familias. <a href=\"https:\/\/www.terc.edu\/hse\/wp-content\/uploads\/sites\/18\/2026\/04\/Pattison-et-al.-2023-Playful-engineering-Discovering-the-unique-potent.pdf\" target=\"_blank\" rel=\"noreferrer noopener\">Aprende m\u00e1s<\/a> sobre c\u00f3mo otros educadores han integrado el juego en la ingenier\u00eda.<\/p>\n<\/div>\n<\/div>\n\n\n\n<div class=\"wp-block-columns is-layout-flex wp-container-core-columns-is-layout-9d6595d7 wp-block-columns-is-layout-flex\">\n<div class=\"wp-block-column is-vertically-aligned-center is-layout-flow wp-block-column-is-layout-flow\"><div class=\"wp-block-image\">\n<figure class=\"aligncenter size-large is-resized\"><img loading=\"lazy\" decoding=\"async\" width=\"1024\" height=\"684\" src=\"https:\/\/www.terc.edu\/hse\/wp-content\/uploads\/sites\/18\/2022\/09\/HSE_HomeVisit1_20220823_0128-1024x684.jpg\" alt=\"\" class=\"wp-image-1674\" style=\"width:275px\" srcset=\"https:\/\/www.terc.edu\/hse\/wp-content\/uploads\/sites\/18\/2022\/09\/HSE_HomeVisit1_20220823_0128-1024x684.jpg 1024w, https:\/\/www.terc.edu\/hse\/wp-content\/uploads\/sites\/18\/2022\/09\/HSE_HomeVisit1_20220823_0128-300x200.jpg 300w, https:\/\/www.terc.edu\/hse\/wp-content\/uploads\/sites\/18\/2022\/09\/HSE_HomeVisit1_20220823_0128-768x513.jpg 768w, https:\/\/www.terc.edu\/hse\/wp-content\/uploads\/sites\/18\/2022\/09\/HSE_HomeVisit1_20220823_0128-1536x1025.jpg 1536w, https:\/\/www.terc.edu\/hse\/wp-content\/uploads\/sites\/18\/2022\/09\/HSE_HomeVisit1_20220823_0128-2048x1367.jpg 2048w\" sizes=\"auto, (max-width: 1024px) 100vw, 1024px\" \/><\/figure>\n<\/div>\n\n\n<div style=\"height:20px\" aria-hidden=\"true\" class=\"wp-block-spacer\"><\/div>\n\n\n\n<h3 class=\"wp-block-heading has-text-align-center is-style-highlight-purple\" style=\"font-size:24px\">Relaciona la ingenier\u00eda con las metas de los ni\u00f1os y sus familias<\/h3>\n\n\n\n<p style=\"font-style:normal;font-weight:300\">La ingenier\u00eda puede apoyar todos los aspectos del aprendizaje de los ni\u00f1os y puede ayudar a las familias a alcanzar sus metas. Desde la lectura, hasta manejar sus emociones y desarrollar habilidades biling\u00fces, hay muchas posibilidades. Encuentra <a href=\"https:\/\/www.terc.edu\/hse\/recursos-para-familias\/actividades-de-sparks\/\">ideas sencillas para integrar la ingenier\u00eda<\/a> y enriquecer el aprendizaje temprano, y <a href=\"https:\/\/filedn.com\/llHJkVP2LCLJlRAbtLlexSm\/HSE%20Systems\/HSE%20Systems%20GY5%20Project%20Videos\/Families_Espan%CC%83ol_04.16.24.mp4\" target=\"_blank\" rel=\"noreferrer noopener\">escucha las experiencias de las familias<\/a> con la ingenier\u00eda.<\/p>\n<\/div>\n\n\n\n<div class=\"wp-block-column is-layout-flow wp-block-column-is-layout-flow\" style=\"flex-basis:25px\"><\/div>\n\n\n\n<div class=\"wp-block-column is-layout-flow wp-block-column-is-layout-flow\"><div class=\"wp-block-image\">\n<figure class=\"aligncenter size-large is-resized\"><img loading=\"lazy\" decoding=\"async\" width=\"1024\" height=\"684\" src=\"https:\/\/www.terc.edu\/hse\/wp-content\/uploads\/sites\/18\/2022\/10\/HSE_HomeVisit2_20220919_0046-1024x684.jpg\" alt=\"\" class=\"wp-image-1686\" style=\"width:275px\" srcset=\"https:\/\/www.terc.edu\/hse\/wp-content\/uploads\/sites\/18\/2022\/10\/HSE_HomeVisit2_20220919_0046-1024x684.jpg 1024w, https:\/\/www.terc.edu\/hse\/wp-content\/uploads\/sites\/18\/2022\/10\/HSE_HomeVisit2_20220919_0046-300x200.jpg 300w, https:\/\/www.terc.edu\/hse\/wp-content\/uploads\/sites\/18\/2022\/10\/HSE_HomeVisit2_20220919_0046-768x513.jpg 768w\" sizes=\"auto, (max-width: 1024px) 100vw, 1024px\" \/><\/figure>\n<\/div>\n\n\n<div style=\"height:20px\" aria-hidden=\"true\" class=\"wp-block-spacer\"><\/div>\n\n\n\n<h3 class=\"wp-block-heading has-text-align-center is-style-highlight-purple\" style=\"font-size:24px\">Apoya la participaci\u00f3n a largo plazo<\/h3>\n\n\n\n<p>Puedes fomentar la participaci\u00f3n a largo plazo de los ni\u00f1os peque\u00f1os y sus familias con la ingenier\u00eda a largo plazo conectado las experiencias de aprendizaje que ocurren en el hogar, en el sal\u00f3n de clases y en otros lugares. Insp\u00edrate aprendiendo m\u00e1s sobre <a href=\"https:\/\/www.terc.edu\/hse\/publicaciones\/\">el programa familiar de Ingenier\u00eda y Head Start<\/a>.&nbsp;<\/p>\n<\/div>\n<\/div>\n\n\n\n<p><\/p>\n","protected":false},"excerpt":{"rendered":"<p><a class=\"wp-block-button__link wp-element-button\" href=\"https:\/\/www.terc.edu\/hse\/educator\/\">For English<\/a><\/p>\n<p>Como maestro, bibliotecario o trabajador social puedes integrar la ingenier\u00eda en las experiencias de aprendizaje. Al integrar la ingenier\u00eda apoyas el aprendizaje de los ni\u00f1os peque\u00f1os de una manera poderosa, creando conexiones a las fortalezas familiares y apoyando todos los aspectos del desarrollo de los ni\u00f1os.<\/p>\n<p>Descarga los recursos gratuitos<\/p>\n<p><a href=\"https:\/\/www.terc.edu\/hse\/recursos-para-familias\/cajitas-de-actividades-para-familias\/\">Actividades de ingenier\u00eda<\/a><\/p>\n<p>Estas actividades dise\u00f1adas para uso en el hogar o en el sal\u00f3n de clases, usan historias imaginativas para apoyar la participaci\u00f3n de los ni\u00f1os y sus familias en el proceso de dise\u00f1o de ingenier\u00eda.  <a href=\"https:\/\/www.terc.edu\/hse\/educadores\/\">&nbsp;&raquo;&nbsp;Read more<\/a><\/p>\n","protected":false},"author":4,"featured_media":0,"parent":0,"menu_order":0,"comment_status":"closed","ping_status":"closed","template":"template-fullwidth.php","meta":{"_acf_changed":false,"_relevanssi_hide_post":"","_relevanssi_hide_content":"","_relevanssi_pin_for_all":"","_relevanssi_pin_keywords":"","_relevanssi_unpin_keywords":"","_relevanssi_related_keywords":"","_relevanssi_related_include_ids":"","_relevanssi_related_exclude_ids":"","_relevanssi_related_no_append":"","_relevanssi_related_not_related":"","_relevanssi_related_posts":"1","_relevanssi_noindex_reason":"","footnotes":""},"class_list":["post-2416","page","type-page","status-publish","hentry"],"acf":[],"_links":{"self":[{"href":"https:\/\/www.terc.edu\/hse\/wp-json\/wp\/v2\/pages\/2416","targetHints":{"allow":["GET"]}}],"collection":[{"href":"https:\/\/www.terc.edu\/hse\/wp-json\/wp\/v2\/pages"}],"about":[{"href":"https:\/\/www.terc.edu\/hse\/wp-json\/wp\/v2\/types\/page"}],"author":[{"embeddable":true,"href":"https:\/\/www.terc.edu\/hse\/wp-json\/wp\/v2\/users\/4"}],"replies":[{"embeddable":true,"href":"https:\/\/www.terc.edu\/hse\/wp-json\/wp\/v2\/comments?post=2416"}],"version-history":[{"count":27,"href":"https:\/\/www.terc.edu\/hse\/wp-json\/wp\/v2\/pages\/2416\/revisions"}],"predecessor-version":[{"id":2705,"href":"https:\/\/www.terc.edu\/hse\/wp-json\/wp\/v2\/pages\/2416\/revisions\/2705"}],"wp:attachment":[{"href":"https:\/\/www.terc.edu\/hse\/wp-json\/wp\/v2\/media?parent=2416"}],"curies":[{"name":"wp","href":"https:\/\/api.w.org\/{rel}","templated":true}]}}